w = 9 + x. Suppose 5*l + 5*k = 20, -4*k + 13 = -4*l + w. Let h(d) = -10*d + 1. Give h(l).
-9
Let s = 10 + -5. Let u = -5 + 12. Let p(t) = 4*t - t**2 - 6 - 4*t + u*t + t. What is p(s)?
9
Let z be (-5)/(-4) - (-1)/(-4). Let p be 0*(z - 0)*1. Let s(w) = 6*w + 9. Let k(h) = h + 1. Let o(n) = -5*k(n) + s(n). Determine o(p).
4
Let i(k) = k**2 - 4*k - 1. Let w(a) = a**3 + a**2 - a + 5. Let f be w(0). Determine i(f).
4
Let w(b) be the second derivative of b**4/6 + b**3/3 + b**2 + 3*b. Determine w(-2).
6
Let t(i) = -i**2 - 6*i + 2. Let j be -1 - (1 + 8/(-2)). Suppose 0 = -3*p + 15, -j*f - p + 0 = 5. Give t(f).
7
Let b be 5 + -5 - (-8)/(-2). Let a(j) = j**2 + 5*j - 1. Calculate a(b).
-5
Let x(m) = -5*m + 2*m - 7 + 2 + 2*m. Give x(-4).
-1
Suppose 3*q - 29 = 5*f, f + 15 = 5*q - 4. Let l = -6 - f. Let s(w) = 9*w - 16*w + w + 2 + 7*w. Calculate s(l).
0
Let c(d) = -d**3 - 3*d**2 - d - 3. Let f = 2 - 5. Let a be c(f). Suppose 0 = -4*t - a*t + 20. Let n(r) = -r + 9. Determine n(t).
4
Let h(b) = 8*b**3 - 5*b**2 + b - 4. Let u(d) = -17*d**3 + 11*d**2 - 3*d + 9. Let y be (-25)/(-9) - 2/(-9). Let v(x) = y*u(x) + 7*h(x). Give v(-1).
-6
Let r(f) = 7*f**3 - 10*f**2 + f - 8. Let n(i) = -3*i**3 + 5*i**2 - i + 4. Let o(k) = -5*n(k) - 2*r(k). Let d be (2/(-4))/((-2)/12). What is o(d)?
-13
Let g(b) = b**3 - 5*b**2 - b - 2. Let t = 1 - -1. Let d(x) = -x**3 + 4 + 6*x**t - 1 + x + 0*x**2. Let p(n) = -3*d(n) - 4*g(n). Calculate p(2).
1
Let s(w) = -4*w - 2. Let m(g) = 4*g**3 - 8*g**2 + g + 5. Let u(y) = 5*y**3 - 9*y**2 + 6. Let r(j) = -4*m(j) + 3*u(j). Let n be r(4). Give s(n).
6
Let r(y) = y - 4. Let b = 4 + -2. Suppose a - 4*j = -13, 3*a - b + 13 = 5*j. Suppose 0 = -a*o - 5 - 10. Calculate r(o).
-9
Let r(i) = -i**3 + 6*i**2 - 2*i + 5. Suppose s - 1 = 3*s - b, 3 = 3*s + 3*b. Suppose q + 2*d - 14 = 0, -q + 2*q - 5*d + 14 = s. What is r(q)?
-7
Let s(y) = y**3 - 9*y**2 + 7*y + 10. Let r be s(8). Let c(u) = 3*u**2 - 5 - 2*u + r*u**2 + u**3 - 2*u**3 + u**2. Calculate c(5).
10
Let p(g) be the third derivative of -5*g**4/12 + g**3/6 - 15*g**2. Give p(2).
-19
Let g = -4 - -5. Let a(k) = 3*k - k - 3*k - g. Let y(b) = -b**3 - 4*b**2 + 5*b - 5. Let f be y(-5). Calculate a(f).
4
Let v(t) = -1. Let a(c) = c - 3. Let p(o) = a(o) - 5*v(o). Let w = -6 + 1. Determine p(w).
-3
Suppose 5 = 5*b - 10. Let z(q) = 3*q + 6*q**2 + 3*q**3 + 1 - 2*q**b - 1. Suppose 0*k = -3*k - 15. What is z(k)?
10
Let o = -3 + 6. Suppose 2*n - o = 1. Let i(h) = 3*h**2 - 3*h + 2. Let b(s) = 2*s**2 - 2*s + 1. Let w(v) = 5*b(v) - 3*i(v). Give w(n).
1
Let u(p) = p**2 + p - 1. Let h(r) = r - 1. Let t be h(-4). Let q(i) = -6*i**2 - 2*i + 9. Let w(v) = t*u(v) - q(v). Determine w(5).
6
Let p = -146 + 147. Let q(j) = -6*j**3 + 6*j**2 - 7*j - 4. Let d(s) = 7*s**3 - 7*s**2 + 8*s + 5. Let n(a) = 5*d(a) + 6*q(a). Give n(p).
-1
Let u(a) = a - 9. Let i be u(5). Let b(x) = x + 1. Let t(n) = n. Let k(p) = 7*p + 2. Let w(m) = k(m) - 6*t(m). Let l(g) = 2*b(g) - 3*w(g). Give l(i).
0
Let l(q) = q + 5. Let t(s) = 4*s + 14. Let y(b) = -10*l(b) + 3*t(b). Let p be y(8). Suppose p = 3*a + a. Let o(n) = -n**2 + 4*n - 3. What is o(a)?
1
Let v(m) = 370 - 5*m + m**2 - 185 - 186. Calculate v(6).
5
Let x(a) = -a**3 + 2*a**2 + 9 + 5*a - 7*a**2 - 13 - 8*a. What is x(-4)?
-8
Suppose 15*t + 37 + 68 = 0. Let q(n) = n**2 + 7*n + 6. Calculate q(t).
6
Let y be (5/(-2))/1*-2. Suppose 4*i - y*i = -2. Let m(w) = 0*w**2 - 3*w**2 + w + w**2 + w**i. Determine m(0).
0
Let d(h) be the second derivative of 0 + 1/2*h**2 - 1/6*h**3 - 8*h. What is d(-5)?
6
Let f(t) = -6*t - 4. Let w(a) = a - 1. Let c(j) = -f(j) - 4*w(j). Determine c(-6).
-4
Let j(h) be the third derivative of -h**5/20 - h**4/24 - h**3/6 - 2*h**2. Calculate j(-1).
-3
Let b(d) = 2*d - 4. Suppose 14 + 6 = 5*h. Calculate b(h).
4
Let p(b) = b + 13. Let r(z) = -z. Let m(k) = p(k) - r(k). Give m(-9).
-5
Let c(d) = -d + 16 + 2*d + d**2 - 31. What is c(0)?
-15
Suppose 2 = -5*r + 17. Suppose -2*q + 13 = -r*q + 3*a, -2*a + 12 = q. Let t(v) = -v**3 - 3*v + v**2 - 6*v**2 + 0*v**q. What is t(-4)?
-4
Let j(l) = -l**3 - 3*l**2 - l + 2. Let o = 1 + -10. Let m = 14 + o. Suppose 0 = m*c + 20, 3*w - 3*c - 3 = -0. Give j(w).
5
Let n(c) = -c**3 - 5*c**2 - 4*c - 5. Let g be n(-4). Let y = g - -6. Let h(k) = -3*k + 1. Give h(y).
-2
Let m(p) = p**2 + 12*p + 14. Suppose 5*n = 2*w - 59, 0*w + 52 = -4*n + 4*w. Calculate m(n).
3
Suppose 0*l = -l + 8. Let c = -7 + l. Let y(a) = -a**2 - a + 1. What is y(c)?
-1
Let r be (-10 + -2 + 2)/(-2). Let o(d) = d**2 + 7 + 12*d - 2*d**2 - 7*d. Determine o(r).
7
Let t = 8 - 3. Let q(g) = g + 1. Let s(w) be the second derivative of w**4/12 - w**3/3 + 3*w**2/2 + 2*w. Let l(p) = -2*q(p) + s(p). What is l(t)?
6
Let o(p) = -9*p**2 + 1. Suppose -4*z = -0*z - 28. Suppose -3*t + 2*x = 4*x + 7, 5*t + x = -z. Calculate o(t).
-8
Let r(v) = v**3 - 6*v**2 + 2*v - 4. Suppose b - 2 = 4. What is r(b)?
8
Let o(d) be the third derivative of d**4/24 - 4*d**3/3 + d**2. Let x = 960 - 954. Give o(x).
-2
Suppose -2*i + 10 = -0. Let v = -2 + 2. Suppose -3*w - i = 2*q, q - 5 = w - v. Let o(s) = -3*s - 2. Calculate o(q).
-8
Let k be (-4)/(-3)*18/4. Suppose 0*w = -3*w - k. Let a(s) = -3*s + 7. Let b(z) = -z + 3. Let m(r) = -2*a(r) + 5*b(r). What is m(w)?
-1
Let m(u) = -u + 8. Let c(b) = -4*b**3 + 5 + 4*b**2 + 2*b**2 + 3*b**3 + 7*b. Let f = -9 + 16. Let o be c(f). Calculate m(o).
3
Let x(j) = 3 - 3*j + 3*j - 7 + j. Suppose -6*m = -2*m - 20. Determine x(m).
1
Let i(h) = h**2 - 2*h - 5. Let y = 3 + -6. Let z be (3 - 0)/(y/(-2)). Suppose 0 = l - 2 - z. Determine i(l).
3
Suppose 33 = 5*z - 2*l, -2*z + 5*l = 6*l - 6. Let y be 1/(-3)*(-22 + 1). Let g = y - z. Let m(x) = -3*x + 1. Give m(g).
-5
Let g(k) be the third derivative of 0*k**4 - 5*k**2 - 1/60*k**5 + 0 + 0*k - 5/6*k**3. What is g(0)?
-5
Let r = -102 + 101. Let z(k) = 12*k**2 + 1. What is z(r)?
13
Let b(v) be the second derivative of v**4/12 - v**3/6 + 7*v**2/2 + 16*v. Calculate b(0).
7
Let b(g) = -4*g - 20. Let w be b(-6). Let l(p) = p**2 - p - 5. Give l(w).
7
Let j(r) = 5*r**2 - 263*r + 263*r. Calculate j(1).
5
Let u(r) = -8*r**2 + r. Let a(t) = 0*t - 15 + 5*t + 1 - 4*t. Let o be a(13). Give u(o).
-9
Let m(s) = s**3 + 4*s**2 + s - 2. Suppose -3*y = -15, 4*r - 4*y + 6*y = -6. What is m(r)?
-6
Let j be (2 - 2)*(-1 - -2). Let s = j + -5. Let p(z) = z**2 + 4*z - 4. Determine p(s).
1
Suppose 34 = 4*q - 26. Suppose 5*n + q = -k, 0 = -0*k - 2*k + n - 8. Let f be 1/((-2)/(k*2)). Let z(a) = a - 2. Give z(f).
3
Let x(d) = -d**2 - 9*d + 4. Let m be x(-8). Suppose 4*t = 2*p + 18, -2*p - 3*t + 11 = 1. Let l be -1 - p - m/4. Let k(h) = h**2 + 3*h + 2. Give k(l).
2
Let b = -13 + 33. Let m(x) = 0*x + b - 3*x - 9. Let d(z) = 3*z - 12. Let v(i) = 2*d(i) + 3*m(i). Calculate v(6).
-9
Let h(u) be the second derivative of 0 + 3/2*u**3 - 2*u + 1/2*u**2 + 1/24*u**4. Let w(n) be the first derivative of h(n). Give w(-4).
5
Suppose -15 = -3*r - 6. Let u(k) = -k**2 + r - 4 + 9*k**2. What is u(1)?
7
Let f(c) = 4*c**2 - 7*c + 6. Let d(u) = -u**2 + 2*u - 2. Let l(p) = -7*d(p) - 2*f(p). Suppose -5*r = 5, -v + 3*r = r. Calculate l(v).
-2
Let o(w) = w**3 + 3*w**2 - 4. Suppose -2*p = -9 + 3. Let d(r) = r + 7. Let v be d(-7). Let k = v - p. Calculate o(k).
-4
Let h(n) be the third derivative of n**4/24 - n**3 - 3*n**2. Let s be 56/10 - 18/30. Give h(s).
-1
Let s(x) = x - 2. Suppose 8*w - 6*w = 16. Calculate s(w).
6
Let v(b) be the first derivative of b**3/6 + 7*b**2/2 - 3*b + 3. Let r(c) be the first derivative of v(c). Give r(-5).
2
Let v(j) be the second derivative of -j**5/20 + j**4/12 + j**3/6 - j**2/2 - 3*j. Determine v(-2).
9
Suppose -43*t = -40*t - 6. Let c(u) = 2*u**2 - 1. Determine c(t).
7
Suppose -1 - 5 = 6*g. Let n(k) = -14*k**2 + 1. Give n(g).
-13
Let g(u) = -11*u - 1. Let j(p) = 11*p + 1. Let l(h) = -5*g(h) - 4*j(h). What is l(1)?
12
Let m(d) = 2*d**3 + 3*d**2 - 5*d - 6. Let n(c) = 2*c**3 + 3*c**2 - 6*c - 7. Let l(u) = -6*m(u) + 5*n(u). Give l(-2).
5
Suppose 7*u - 5 = 2*u. Suppose -n + 0 = u. Let f(o) = o - 3. Let i(g) = 2*g - 8. Let d(a) = 11*f(a) - 4*i(a). Give d(n).
-4
Suppose -2*x + 5*x + 6 = 0. Let s(h) = -2*h. Calculate s(x).
4
Let m(j) be the third derivative of -j**4/12 - j**2. Let n(f) = -3*f. Let q be n(1). Determine m(q).
6
Let v = 0 - -3. Let h(m) = -v - 1 + m + 3*m**2 - 2*m*